se
Suppose 0 = 5*x - 2*k - 3593, 0 = 2*x + 4*k - k - 1441. Is x composite?
False
Let x(d) = d**3 + 8*d**2 - 28*d - 34. Is x(15) composite?
False
Suppose 5*j + 5 = 5*d, 0 = -4*j - 0*d - 3*d + 24. Suppose u - 749 = -4*q + 4*u, j*q = 4*u + 560. Suppose r + r + 2*m = q, 69 = r - 4*m. Is r composite?
False
Let n(j) = j**2 + 7*j + 5. Let z be n(-5). Let t = z - -8. Suppose 0 = t*x + 3*g - 56 - 22, -3*g + 120 = 5*x. Is x composite?
True
Let l(j) = -41*j**3 - 2*j**2 + 5*j + 6. Let g be l(-4). Is 4/(-18) + g/18 a prime number?
False
Suppose 1206 = 3*o + 5*h, -3*o + 717 = -3*h - 465. Is o a composite number?
False
Suppose 20 = -4*w, 6*w - 1122 = -2*v + 2*w. Is v a prime number?
True
Let t(s) = -46*s. Let q be t(-2). Suppose q = 3*k - k. Is (k/5)/((-4)/(-20)) composite?
True
Let q be 6/15 - (-26)/10. Suppose -m + 765 = 2*m + 2*k, 2*m + q*k = 505. Is m a prime number?
True
Suppose z = 5*j + 487, -z - j = -0*z - 481. Is z a composite number?
True
Suppose 0*q - 3*q + 15 = 0. Suppose -t = 2*r - 27, -q*r + 11 = 2*t - 57. Is r a prime number?
False
Suppose -5*r + 16 = -z - 2*z, 0 = -3*r - 5*z - 4. Suppose r*y + 2*y = 4196. Is y prime?
True
Suppose 0 = h - 6*h + 4965. Is h a composite number?
True
Let i(y) = y**3 + 4*y**2 + 3*y - 4. Let a be i(-3). Is (-237)/a + 1/(-4) a prime number?
True
Is (-27952)/(-20) - (-9)/(-15) composite?
True
Let o = -31 + 12. Let v = o - -13. Is (381/9)/((-2)/v) prime?
True
Suppose 2*a = 2*k + 2 - 8, 3*k = a + 17. Let g be 5 - 2/(2/1). Suppose u = k + g. Is u prime?
True
Suppose 5*x - 5 = 4*m + 15, -4*m - x = -4. Suppose m = -4*d - 2*o + 204, -5*d + 0*o + 255 = o. Is d composite?
True
Suppose -3 = j - 1. Let b(v) = 38*v**2 - 2*v - 1. Is b(j) a prime number?
False
Let r be ((-14)/8 - -1)*-396. Let h be -2*(0 + r/6). Let q = h + 188. Is q a prime number?
True
Suppose 0 = q - 2*q - 4. Let m(z) = -53*z - 6. Is m(q) a composite number?
True
Suppose -s = 5*w - 937, 3*w = 3*s - 1783 - 974. Let d = s - 179. Is d prime?
True
Let v be (10/30)/(1/(-219)). Let r = 140 + v. Is r a prime number?
True
Let t(u) = -u**3 + u**2 + 3*u + 4. Let y be t(3). Is (-1014)/y + 12/60 composite?
True
Let m be -74*4/8*-4. Suppose 4*z - m = j, z + 7*j = 2*j + 37. Is z a prime number?
True
Suppose 5*d - 7*d = -694. Is d a prime number?
True
Let s be (-30)/(-12) + (-2)/4. Suppose 2*m + 2*g + 0*g - 68 = 0, 0 = s*m - 4*g - 92. Is m a composite number?
True
Let f be (-3)/(-2*(-2)/(-164)). Suppose -4*y = -12 - 8. Suppose -3*w + f = 3*p, -p - 30 = y*w - 87. Is p a composite number?
False
Let y(o) = 1 + 11*o + 5*o**2 + o - 2*o**2. Is y(-8) prime?
True
Is (2 - 30368/12)*(-3)/2 a prime number?
True
Suppose 0 = 3*d + 3*o - 6132, -2*o + 7214 = 5*d - 3003. Let t = d + -1388. Is t a composite number?
True
Suppose 0 = 5*h + 3*i - 23, -i + 3 = h - 2*i. Suppose 2*r - 90 = -h*s, -s = -2*r - 2*r + 225. Is r a prime number?
False
Suppose 0 = 2*m + 5*s - 236, 0*m - 331 = -3*m + 4*s. Is m a composite number?
False
Let s(l) = 8*l**3 - 6*l**2 + 19*l - 16. Let d(c) = -3*c**3 + 2*c**2 - 6*c + 5. Let j(b) = -7*d(b) - 2*s(b). Is j(2) composite?
False
Let y be (1 - -2) + (-1 - 1). Let w be 274/6 - y/(-3). Suppose 5*z + k = 61, w = 2*z + 2*k - 7*k. Is z a composite number?
False
Let q(s) = s**3 + s**2 - 114. Let w be q(0). Let d = 197 + w. Is d composite?
False
Let t(s) = -s**2 + 6*s + 4. Let c be t(6). Suppose -249 = -3*j + 4*q, -5*j - c*q = -2*q - 389. Is j prime?
True
Let x = 742 - -447. Is x composite?
True
Let w(j) = -8*j**2 - 2 - 8 - 3 - 5*j**3 + 8*j + 0*j**3. Let m(s) = s**3 + 1. Let x(z) = -6*m(z) - w(z). Is x(6) prime?
True
Let i be -2 - -1*(-2 - -4). Let t = i - 1. Is (t/(-2))/((-3)/(-186)) a prime number?
True
Suppose 0 = 5*p + 3*p - 6088. Is p prime?
True
Let h = 7 - 5. Let a(u) = 4*u - u**3 + 7 - 7*u**2 + h*u**3 + 2. Is a(7) prime?
True
Suppose -5*b - 5*y - 20 = 0, -2*b - 1 = y + 3. Suppose -5*o + 3*a + 284 = b, 0 = o + o - a - 114. Is o composite?
True
Let m(y) = -y**2 - y + 489. Let d be m(0). Suppose 5*c + 5*x = 566 + d, -4*c + 844 = 5*x. Is c prime?
True
Let l = -10 - -15. Let n be ((-4)/l)/(-1)*5. Is (-3 + n)/(1/115) a prime number?
False
Is (11/2)/((-7)/(-154)) prime?
False
Let j = 6 + 107. Is j a composite number?
False
Let x(l) = l**3 - 12*l**2 + 16*l - 6. Is x(11) composite?
True
Suppose 0*x - x + 207 = 0. Suppose -487 - 2703 = -11*f. Let v = f - x. Is v prime?
True
Suppose 3*w - 26086 = w - 4*f, 3*f + 13043 = w. Is w a composite number?
False
Suppose 2629 = -5*v + 17124. Is v a composite number?
True
Let h = 219 + -12. Suppose 2*v - 428 = g, -2*v + v + h = 3*g. Is v prime?
False
Let r = 6 + -4. Let x(p) = r*p**3 + 2*p - 3*p**2 - 1 + 1 - 2. Is x(3) composite?
False
Suppose -4 = 4*m, 5505 = 5*g - 5*m - 585. Is g a composite number?
False
Suppose a + 96 = 245. Is a composite?
False
Let i = 1 + -1. Suppose -5*f = -i*f - 1805. Is f a prime number?
False
Let k = 3 - 1. Let x be (k/(-4))/((-3)/30). Suppose 0 = 3*w + x*c - 54, w + 3*c - 61 = -3*w. Is w composite?
False
Let l = 11 - 7. Suppose -5*u + 3*c = -114 - 74, l*c = -4. Is u prime?
True
Let n(o) = o**3 + 17*o**2 + 3*o + 3. Is n(-10) a composite number?
False
Let r(u) = 2*u**3 - 7*u + 13. Is r(6) a prime number?
False
Suppose 0 = f + u - 183, -3*f - 70 = -3*u - 595. Is f a prime number?
True
Is -30*(-9 + -3) + -2 + 0 a prime number?
False
Let i = 239 - -2480. Is i a composite number?
False
Is (471/(-2))/(2/(-4)) composite?
True
Suppose -242 = 4*b - 6*b. Is b a prime number?
False
Suppose 4*l = -5*r + 519, -6*r - 3 = -3*r. Is l a prime number?
True
Let k be -1*(-2 - 0) - -4. Let f(l) = l**2 + 6*l - 5. Let m(q) = -2*q**2 - 17*q + 15. Let s(z) = 8*f(z) + 3*m(z). Is s(k) prime?
True
Let m(s) = -s**2 - 11*s + 15. Let n be m(-16). Let f = 280 + n. Is f composite?
True
Suppose -3*n + 502 = -4*c - 669, -5*n + 4*c = -1965. Is n a prime number?
True
Suppose 4*f - 3*f - 39 = 0. Is f prime?
False
Suppose -4*y - 5*f + 1033 = -4*f, 5*y - 4*f = 1307. Is y prime?
False
Let t = 7 - -180. Is t a prime number?
False
Let g = 72 - 134. Let m = g + 87. Is m a prime number?
False
Let h(u) = -3*u + 5*u + 0*u - u. Let f be h(2). Suppose -2*a = f*a - 644. Is a a prime number?
False
Let n = -5 - 3. Is -2*(-53)/n*-4 a composite number?
False
Let i be (-5)/4 + (-6)/(-24). Is 3 + i/((-1)/164) a prime number?
True
Suppose -99 - 21 = -6*l. Suppose 2*u = -u + 42. Suppose -2*s + l + 58 = -2*p, s + 4*p - u = 0. Is s composite?
True
Let b be -24*183/3 - -3. Is b/(-7) - (-12)/42 a prime number?
False
Suppose 2*n + 0*n = 2*z - 264, -2*n = -z + 137. Is z composite?
False
Let q(p) = 9*p**2 + 10*p - p**3 - 1 + 1. Let b be q(10). Is b/1 + (-268)/(-4) a prime number?
True
Suppose 13 = 2*i - 15. Let k = i + 7. Is k a composite number?
True
Let d(o) = 8*o**3 - 3*o**2 + 2. Let h be d(-3). Let y = h + 377. Suppose 684 = 4*c - y. Is c composite?
True
Suppose -5*a = -7*s + 3*s + 1041, 1044 = 4*s - 4*a. Suppose -5*v = -2*v + s. Is ((-9)/12)/(2/v) a prime number?
False
Let b be 3 + 0 + -3 - -103. Suppose -2*m - 5*s + 2*s = 20, 0 = -5*m - 2*s - 39. Is (-2)/m - b/(-7) prime?
False
Suppose -c = 3*c - 12. Let v be (-8)/c*(-117)/(-2). Is (v/(-9) + 1)*3 a prime number?
False
Let g be (-2 - (-1 + -2))*52. Suppose i = 7 + g. Is i prime?
True
Suppose -4*m + 5*m = 4. Suppose 4*k = 2*k - m. Is 46 - ((-4)/(-2))/k composite?
False
Let a be (-16)/(-6) - 2/3. Suppose 0 = -p - 4*n + 6, 3*p + a*n = -2*p + 12. Is (11/p)/(2/12) composite?
True
Let r(q) = -q**3 - 5*q**2 - 7. Is r(-10) prime?
False
Let y be ((-4)/2)/((-2)/3). Suppose 2*v = p - 32, 14 = p + y*v + v. Is p a composite number?
True
Suppose -3*f - 10 = -2*f. Let q = f + 17. Is q prime?
True
Suppose 5*y - 2*y = 105. Is y a composite number?
True
Let y = 12 + -11. Is (-1)/((-1)/162) - y prime?
False
Suppose 5*a - 290 = 3*a. Is a composite?
True
Suppose 330 = 2*w + 4*i, 0 = -0*w + 2*w + 5*i - 331. Is w prime?
True
Suppose 0 = 4*s - 4 - 8. Let f = -1 + s. Suppose -f*n + 3 + 59 = 0. Is n composite?
False
Let b = 33 + 28. Let s = b + 88. Is s composite?
False
Let z(s) = s**2 - 5*s - 9. Let n be z(7). Suppose -4*o - 315 = -n*b + o, 0 = 2*b + 4*o - 150. Is b a composite number?
False
Let b(h) = 5*h**2 + 16*h + 27. Is b(-22) a composite number?
True
Suppose -274 + 76 = -2*w - 2*g, -4*g - 450 = -5*w. Is w a composite number?
True
Is (6 -